{"id":15675,"date":"2025-07-01T09:30:35","date_gmt":"2025-07-01T09:30:35","guid":{"rendered":"https:\/\/diyetisyensenakarabacak.com.tr\/?page_id=15675"},"modified":"2025-07-01T09:42:17","modified_gmt":"2025-07-01T09:42:17","slug":"konya-kurumsal-beslenme-danismanligi","status":"publish","type":"page","link":"https:\/\/diyetisyensenakarabacak.com.tr\/?page_id=15675","title":{"rendered":"Konya Kurumsal Beslenme Dan\u0131\u015fmanl\u0131\u011f\u0131"},"content":{"rendered":"\t\t<div data-elementor-type=\"wp-page\" data-elementor-id=\"15675\" class=\"elementor elementor-15675\">\n\t\t\t\t\t\t<section class=\"wd-negative-gap elementor-section elementor-top-section elementor-element elementor-element-64ecb7c wd-section-stretch elementor-section-content-middle elementor-section-boxed elementor-section-height-default elementor-section-height-default\" data-id=\"64ecb7c\" data-element_type=\"section\" data-settings=\"{&quot;background_background&quot;:&quot;classic&quot;}\">\n\t\t\t\t\t\t\t<div class=\"elementor-background-overlay\"><\/div>\n\t\t\t\t\t\t\t<div class=\"elementor-container elementor-column-gap-no\">\n\t\t\t\t\t<div class=\"elementor-column elementor-col-50 elementor-top-column elementor-element elementor-element-77b6642b\" data-id=\"77b6642b\" data-element_type=\"column\" data-settings=\"{&quot;background_background&quot;:&quot;classic&quot;}\">\n\t\t\t<div class=\"elementor-widget-wrap elementor-element-populated\">\n\t\t\t\t\t\t<section class=\"wd-negative-gap elementor-section elementor-inner-section elementor-element elementor-element-47afa1e5 elementor-section-boxed elementor-section-height-default elementor-section-height-default\" data-id=\"47afa1e5\" data-element_type=\"section\" data-settings=\"{&quot;background_background&quot;:&quot;classic&quot;}\">\n\t\t\t\t\t\t<div class=\"elementor-container elementor-column-gap-default\">\n\t\t\t\t\t<div class=\"elementor-column elementor-col-100 elementor-inner-column elementor-element elementor-element-3f738b34\" data-id=\"3f738b34\" data-element_type=\"column\">\n\t\t\t<div class=\"elementor-widget-wrap elementor-element-populated\">\n\t\t\t\t\t\t<div class=\"elementor-element elementor-element-2a8a83ba wd-width-100 elementor-widget elementor-widget-wd_title\" data-id=\"2a8a83ba\" data-element_type=\"widget\" data-widget_type=\"wd_title.default\">\n\t\t\t\t<div class=\"elementor-widget-container\">\n\t\t\t\t\t\t\t\t<link rel=\"stylesheet\" id=\"wd-section-title-css\" href=\"https:\/\/diyetisyensenakarabacak.com.tr\/wp-content\/themes\/woodmart\/css\/parts\/el-section-title.min.css?ver=7.6.0\" type=\"text\/css\" media=\"all\" \/> \t\t\t\t\t<div class=\"title-wrapper set-mb-s reset-last-child wd-title-color-default wd-title-style-default wd-title-size-default text-left\">\n\n\t\t\t\n\t\t\t<div class=\"liner-continer\">\n\t\t\t\t<h4 class=\"woodmart-title-container title wd-fontsize-l\">Kurumsal Beslenme Dan\u0131\u015fmanl\u0131\u011f\u0131<\/h4> \n\t\t\t\t\t\t\t<\/div>\n\n\t\t\t\t\t<\/div>\n\t\t\t\t\t\t<\/div>\n\t\t\t\t<\/div>\n\t\t\t\t<div class=\"elementor-element elementor-element-4b77d17e elementor-widget elementor-widget-wd_text_block\" data-id=\"4b77d17e\" data-element_type=\"widget\" data-widget_type=\"wd_text_block.default\">\n\t\t\t\t<div class=\"elementor-widget-container\">\n\t\t\t\t\t\t\t\t<link rel=\"stylesheet\" id=\"wd-text-block-css\" href=\"https:\/\/diyetisyensenakarabacak.com.tr\/wp-content\/themes\/woodmart\/css\/parts\/el-text-block.min.css?ver=7.6.0\" type=\"text\/css\" media=\"all\" \/> \t\t\t\t\t<div class=\"wd-text-block reset-last-child text-left\">\n\t\t\t\n\t\t\t<p>Kurumsal beslenme dan\u0131\u015fmanl\u0131\u011f\u0131; kilo y\u00f6netimi, sa\u011fl\u0131kl\u0131 mutfak al\u0131\u015fkanl\u0131klar\u0131, spora uygun beslenme, \u015firket yemekleri i\u00e7in sa\u011fl\u0131kl\u0131 men\u00fc se\u00e7imi ve sat\u0131n alma, diyetisyenlik hizmeti, e\u011fitimler ve toplu seminerleri kapsayan \u00e7ok y\u00f6nl\u00fc bir program olarak haz\u0131rlan\u0131r. Hem \u00e7al\u0131\u015fan profiline g\u00f6re hem de y\u00f6neticilerin yo\u011fun temposu ve s\u0131k seyahat program\u0131na g\u00f6re farkl\u0131 planlamalar i\u00e7erir.<\/p><p>Beslenme sadece temel fiziksel bir ihtiya\u00e7 oldu\u011fu i\u00e7in de\u011fil ayn\u0131 zamanda t\u00fcm ya\u015fam ak\u0131\u015f\u0131n\u0131, al\u0131\u015fkanl\u0131klar\u0131, enerjiyi ve hem bedensel hem ruhsal sa\u011fl\u0131\u011f\u0131 etkiledi\u011fi i\u00e7in \u00f6nemlidir. Dahas\u0131, uzun y\u0131llar bir arada olan ve g\u00fcn\u00fcn b\u00fcy\u00fck b\u00f6l\u00fcm\u00fcn\u00fc birlikte ge\u00e7iren ki\u015filerde benzer beslenme e\u011filimleri g\u00f6zlenmesi s\u00f6z konusudur. Bu nedenle sa\u011fl\u0131kl\u0131 beslenmeye dair do\u011fru bilgilerin \u00f6\u011frenilmesi ve al\u0131\u015fkanl\u0131\u011fa d\u00f6n\u00fc\u015fmesi i\u00e7in kolektif bilin\u00e7 k\u0131ymetlidir.<\/p>\n\t\t\t\t\t<\/div>\n\t\t\t\t\t\t<\/div>\n\t\t\t\t<\/div>\n\t\t\t\t\t<\/div>\n\t\t<\/div>\n\t\t\t\t\t<\/div>\n\t\t<\/section>\n\t\t\t\t\t<\/div>\n\t\t<\/div>\n\t\t\t\t<div class=\"elementor-column elementor-col-50 elementor-top-column elementor-element elementor-element-5182b80e\" data-id=\"5182b80e\" data-element_type=\"column\">\n\t\t\t<div class=\"elementor-widget-wrap elementor-element-populated\">\n\t\t\t\t\t\t<div class=\"elementor-element elementor-element-5d61d8da elementor-widget elementor-widget-wd_image_or_svg\" data-id=\"5d61d8da\" data-element_type=\"widget\" data-widget_type=\"wd_image_or_svg.default\">\n\t\t\t\t<div class=\"elementor-widget-container\">\n\t\t\t\t\t\n\t\t<div class=\"wd-image text-center\">\n\t\t\t\t\t\t\t\t<img fetchpriority=\"high\" decoding=\"async\" width=\"580\" height=\"500\" src=\"https:\/\/diyetisyensenakarabacak.com.tr\/wp-content\/uploads\/2025\/07\/Adsiz-tasarim-2025-07-01T124152.791.png\" class=\"attachment-full size-full\" alt=\"\" srcset=\"https:\/\/diyetisyensenakarabacak.com.tr\/wp-content\/uploads\/2025\/07\/Adsiz-tasarim-2025-07-01T124152.791.png 580w, https:\/\/diyetisyensenakarabacak.com.tr\/wp-content\/uploads\/2025\/07\/Adsiz-tasarim-2025-07-01T124152.791-348x300.png 348w, https:\/\/diyetisyensenakarabacak.com.tr\/wp-content\/uploads\/2025\/07\/Adsiz-tasarim-2025-07-01T124152.791-430x371.png 430w, https:\/\/diyetisyensenakarabacak.com.tr\/wp-content\/uploads\/2025\/07\/Adsiz-tasarim-2025-07-01T124152.791-150x129.png 150w\" sizes=\"(max-width: 580px) 100vw, 580px\" \/>\t\t\t\t\t<\/div>\n\n\t\t\t\t\t\t<\/div>\n\t\t\t\t<\/div>\n\t\t\t\t\t<\/div>\n\t\t<\/div>\n\t\t\t\t\t<\/div>\n\t\t<\/section>\n\t\t\t\t<\/div>\n\t\t","protected":false},"excerpt":{"rendered":"<p>Kurumsal Beslenme Dan\u0131\u015fmanl\u0131\u011f\u0131 Kurumsal beslenme dan\u0131\u015fmanl\u0131\u011f\u0131; kilo y\u00f6netimi, sa\u011fl\u0131kl\u0131 mutfak al\u0131\u015fkanl\u0131klar\u0131, spora uygun beslenme, \u015firket yemekleri i\u00e7in sa\u011fl\u0131kl\u0131 men\u00fc se\u00e7imi<\/p>\n","protected":false},"author":1,"featured_media":0,"parent":0,"menu_order":0,"comment_status":"closed","ping_status":"closed","template":"","meta":{"pagelayer_contact_templates":[],"_pagelayer_content":"","footnotes":""},"class_list":["post-15675","page","type-page","status-publish","hentry"],"_links":{"self":[{"href":"https:\/\/diyetisyensenakarabacak.com.tr\/index.php?rest_route=\/wp\/v2\/pages\/15675","targetHints":{"allow":["GET"]}}],"collection":[{"href":"https:\/\/diyetisyensenakarabacak.com.tr\/index.php?rest_route=\/wp\/v2\/pages"}],"about":[{"href":"https:\/\/diyetisyensenakarabacak.com.tr\/index.php?rest_route=\/wp\/v2\/types\/page"}],"author":[{"embeddable":true,"href":"https:\/\/diyetisyensenakarabacak.com.tr\/index.php?rest_route=\/wp\/v2\/users\/1"}],"replies":[{"embeddable":true,"href":"https:\/\/diyetisyensenakarabacak.com.tr\/index.php?rest_route=%2Fwp%2Fv2%2Fcomments&post=15675"}],"version-history":[{"count":4,"href":"https:\/\/diyetisyensenakarabacak.com.tr\/index.php?rest_route=\/wp\/v2\/pages\/15675\/revisions"}],"predecessor-version":[{"id":15681,"href":"https:\/\/diyetisyensenakarabacak.com.tr\/index.php?rest_route=\/wp\/v2\/pages\/15675\/revisions\/15681"}],"wp:attachment":[{"href":"https:\/\/diyetisyensenakarabacak.com.tr\/index.php?rest_route=%2Fwp%2Fv2%2Fmedia&parent=15675"}],"curies":[{"name":"wp","href":"https:\/\/api.w.org\/{rel}","templated":true}]}}