{"id":15657,"date":"2025-07-01T09:11:07","date_gmt":"2025-07-01T09:11:07","guid":{"rendered":"https:\/\/diyetisyensenakarabacak.com.tr\/?page_id=15657"},"modified":"2025-07-01T09:19:06","modified_gmt":"2025-07-01T09:19:06","slug":"konya-gida-intoleransi","status":"publish","type":"page","link":"https:\/\/diyetisyensenakarabacak.com.tr\/?page_id=15657","title":{"rendered":"Konya G\u0131da \u0130ntolerans\u0131"},"content":{"rendered":"\t\t<div data-elementor-type=\"wp-page\" data-elementor-id=\"15657\" class=\"elementor elementor-15657\">\n\t\t\t\t\t\t<section class=\"wd-negative-gap elementor-section elementor-top-section elementor-element elementor-element-1ab92e47 wd-section-stretch elementor-section-content-middle elementor-section-boxed elementor-section-height-default elementor-section-height-default\" data-id=\"1ab92e47\" data-element_type=\"section\" data-settings=\"{&quot;background_background&quot;:&quot;classic&quot;}\">\n\t\t\t\t\t\t\t<div class=\"elementor-background-overlay\"><\/div>\n\t\t\t\t\t\t\t<div class=\"elementor-container elementor-column-gap-no\">\n\t\t\t\t\t<div class=\"elementor-column elementor-col-50 elementor-top-column elementor-element elementor-element-4a1efae7\" data-id=\"4a1efae7\" data-element_type=\"column\" data-settings=\"{&quot;background_background&quot;:&quot;classic&quot;}\">\n\t\t\t<div class=\"elementor-widget-wrap elementor-element-populated\">\n\t\t\t\t\t\t<section class=\"wd-negative-gap elementor-section elementor-inner-section elementor-element elementor-element-60180ff9 elementor-section-boxed elementor-section-height-default elementor-section-height-default\" data-id=\"60180ff9\" data-element_type=\"section\" data-settings=\"{&quot;background_background&quot;:&quot;classic&quot;}\">\n\t\t\t\t\t\t<div class=\"elementor-container elementor-column-gap-default\">\n\t\t\t\t\t<div class=\"elementor-column elementor-col-100 elementor-inner-column elementor-element elementor-element-6d27e954\" data-id=\"6d27e954\" data-element_type=\"column\">\n\t\t\t<div class=\"elementor-widget-wrap elementor-element-populated\">\n\t\t\t\t\t\t<div class=\"elementor-element elementor-element-31c17cbc wd-width-100 elementor-widget elementor-widget-wd_title\" data-id=\"31c17cbc\" data-element_type=\"widget\" data-widget_type=\"wd_title.default\">\n\t\t\t\t<div class=\"elementor-widget-container\">\n\t\t\t\t\t\t\t\t<link rel=\"stylesheet\" id=\"wd-section-title-css\" href=\"https:\/\/diyetisyensenakarabacak.com.tr\/wp-content\/themes\/woodmart\/css\/parts\/el-section-title.min.css?ver=7.6.0\" type=\"text\/css\" media=\"all\" \/> \t\t\t\t\t<div class=\"title-wrapper set-mb-s reset-last-child wd-title-color-default wd-title-style-default wd-title-size-default text-left\">\n\n\t\t\t\n\t\t\t<div class=\"liner-continer\">\n\t\t\t\t<h4 class=\"woodmart-title-container title wd-fontsize-l\">G\u0131da \u0130ntolerans\u0131 <\/h4> \n\t\t\t\t\t\t\t<\/div>\n\n\t\t\t\t\t<\/div>\n\t\t\t\t\t\t<\/div>\n\t\t\t\t<\/div>\n\t\t\t\t<div class=\"elementor-element elementor-element-4efe0df0 elementor-widget elementor-widget-wd_text_block\" data-id=\"4efe0df0\" data-element_type=\"widget\" data-widget_type=\"wd_text_block.default\">\n\t\t\t\t<div class=\"elementor-widget-container\">\n\t\t\t\t\t\t\t\t<link rel=\"stylesheet\" id=\"wd-text-block-css\" href=\"https:\/\/diyetisyensenakarabacak.com.tr\/wp-content\/themes\/woodmart\/css\/parts\/el-text-block.min.css?ver=7.6.0\" type=\"text\/css\" media=\"all\" \/> \t\t\t\t\t<div class=\"wd-text-block reset-last-child text-left\">\n\t\t\t\n\t\t\t<p>G\u0131da intolerans\u0131, v\u00fccudunuzun belirli bir g\u0131day\u0131 veya g\u0131dadaki bir bile\u015feni sindirememesinden kaynaklan\u0131r. Bu durum, g\u0131da alerjisinden farkl\u0131d\u0131r ve genellikle sindirim sistemi ile ili\u015fkilidir. G\u0131da intolerans\u0131 olan ki\u015filer, belirli bir g\u0131day\u0131 t\u00fckettikten sonra kar\u0131n a\u011fr\u0131s\u0131, \u015fi\u015fkinlik, gaz, mide bulant\u0131s\u0131 veya ishal gibi rahats\u0131zl\u0131klar ya\u015fayabilir. En yayg\u0131n g\u0131da intolerans\u0131 laktoz intolerans\u0131d\u0131r. Bu, v\u00fccudun \u00e7o\u011funlukla s\u00fct, peynir ve yo\u011furt gibi s\u00fct \u00fcr\u00fcnlerinde bulunan bir \u015feker t\u00fcr\u00fc olan laktozu sindirememesidir. G\u0131da intoleranslar\u0131 genellikle \u00f6m\u00fcr boyu s\u00fcrer. \u00c7o\u011fu insan, sindirim sorunlar\u0131na neden olan yiyecekleri azalt\u0131r veya keserse semptomlar\u0131 kontrol alt\u0131na alabilir.<\/p><p>Ki\u015finin belirli yiyeceklere kar\u015f\u0131 hassasiyetinin nedeni \u00e7o\u011fu zaman belirsizdir.<\/p><p>Semptomlar s\u00fct \u00fcr\u00fcnleri yedikten sonra ortaya \u00e7\u0131karsa, laktoz intolerans\u0131 olabilir. Bu, v\u00fccudun s\u00fct, yo\u011furt ve yumu\u015fak peynirlerde bulunan do\u011fal bir \u015feker olan laktozu sindiremedi\u011fi anlam\u0131na gelir. \u00a0<\/p><p>Baz\u0131 insanlar bu\u011fday\u0131 sindirmekte zorluk \u00e7ekerler. Ekmek yedikten sonra \u015fi\u015fkinlik, gaz, ishal, mide bulant\u0131s\u0131 ve mide a\u011fr\u0131s\u0131 ya\u015farlar.<\/p>\n\t\t\t\t\t<\/div>\n\t\t\t\t\t\t<\/div>\n\t\t\t\t<\/div>\n\t\t\t\t\t<\/div>\n\t\t<\/div>\n\t\t\t\t\t<\/div>\n\t\t<\/section>\n\t\t\t\t\t<\/div>\n\t\t<\/div>\n\t\t\t\t<div class=\"elementor-column elementor-col-50 elementor-top-column elementor-element elementor-element-44d0eb6\" data-id=\"44d0eb6\" data-element_type=\"column\">\n\t\t\t<div class=\"elementor-widget-wrap elementor-element-populated\">\n\t\t\t\t\t\t<div class=\"elementor-element elementor-element-4e36f1e8 elementor-widget elementor-widget-wd_image_or_svg\" data-id=\"4e36f1e8\" data-element_type=\"widget\" data-widget_type=\"wd_image_or_svg.default\">\n\t\t\t\t<div class=\"elementor-widget-container\">\n\t\t\t\t\t\n\t\t<div class=\"wd-image text-center\">\n\t\t\t\t\t\t\t\t<img fetchpriority=\"high\" decoding=\"async\" width=\"580\" height=\"500\" src=\"https:\/\/diyetisyensenakarabacak.com.tr\/wp-content\/uploads\/2025\/07\/Adsiz-tasarim-2025-07-01T121832.457.png\" class=\"attachment-full size-full\" alt=\"\" srcset=\"https:\/\/diyetisyensenakarabacak.com.tr\/wp-content\/uploads\/2025\/07\/Adsiz-tasarim-2025-07-01T121832.457.png 580w, https:\/\/diyetisyensenakarabacak.com.tr\/wp-content\/uploads\/2025\/07\/Adsiz-tasarim-2025-07-01T121832.457-348x300.png 348w, https:\/\/diyetisyensenakarabacak.com.tr\/wp-content\/uploads\/2025\/07\/Adsiz-tasarim-2025-07-01T121832.457-430x371.png 430w, https:\/\/diyetisyensenakarabacak.com.tr\/wp-content\/uploads\/2025\/07\/Adsiz-tasarim-2025-07-01T121832.457-150x129.png 150w\" sizes=\"(max-width: 580px) 100vw, 580px\" \/>\t\t\t\t\t<\/div>\n\n\t\t\t\t\t\t<\/div>\n\t\t\t\t<\/div>\n\t\t\t\t\t<\/div>\n\t\t<\/div>\n\t\t\t\t\t<\/div>\n\t\t<\/section>\n\t\t\t\t<\/div>\n\t\t","protected":false},"excerpt":{"rendered":"<p>G\u0131da \u0130ntolerans\u0131 G\u0131da intolerans\u0131, v\u00fccudunuzun belirli bir g\u0131day\u0131 veya g\u0131dadaki bir bile\u015feni sindirememesinden kaynaklan\u0131r. Bu durum, g\u0131da alerjisinden farkl\u0131d\u0131r ve<\/p>\n","protected":false},"author":1,"featured_media":0,"parent":0,"menu_order":0,"comment_status":"closed","ping_status":"closed","template":"","meta":{"pagelayer_contact_templates":[],"_pagelayer_content":"","footnotes":""},"class_list":["post-15657","page","type-page","status-publish","hentry"],"_links":{"self":[{"href":"https:\/\/diyetisyensenakarabacak.com.tr\/index.php?rest_route=\/wp\/v2\/pages\/15657","targetHints":{"allow":["GET"]}}],"collection":[{"href":"https:\/\/diyetisyensenakarabacak.com.tr\/index.php?rest_route=\/wp\/v2\/pages"}],"about":[{"href":"https:\/\/diyetisyensenakarabacak.com.tr\/index.php?rest_route=\/wp\/v2\/types\/page"}],"author":[{"embeddable":true,"href":"https:\/\/diyetisyensenakarabacak.com.tr\/index.php?rest_route=\/wp\/v2\/users\/1"}],"replies":[{"embeddable":true,"href":"https:\/\/diyetisyensenakarabacak.com.tr\/index.php?rest_route=%2Fwp%2Fv2%2Fcomments&post=15657"}],"version-history":[{"count":4,"href":"https:\/\/diyetisyensenakarabacak.com.tr\/index.php?rest_route=\/wp\/v2\/pages\/15657\/revisions"}],"predecessor-version":[{"id":15667,"href":"https:\/\/diyetisyensenakarabacak.com.tr\/index.php?rest_route=\/wp\/v2\/pages\/15657\/revisions\/15667"}],"wp:attachment":[{"href":"https:\/\/diyetisyensenakarabacak.com.tr\/index.php?rest_route=%2Fwp%2Fv2%2Fmedia&parent=15657"}],"curies":[{"name":"wp","href":"https:\/\/api.w.org\/{rel}","templated":true}]}}